{"id":30370,"date":"2020-01-19T12:32:21","date_gmt":"2020-07-19T13:34:29","guid":{"rendered":"https:\/\/www.divigear.xyz\/wpml\/product\/levca-womens-long-sleeve-button-cowl-neck-casual-slim-tunique-tops-with-pockets\/"},"modified":"2020-07-19T14:00:45","modified_gmt":"2020-07-19T14:00:45","slug":"levaca-femmes-manches-longues-bouton-capot-cou-casual-slim-tunique-tops-with-pockets","status":"publish","type":"product","link":"https:\/\/www.divigear.xyz\/wpml\/produit\/levaca-femmes-manches-longues-bouton-capot-cou-casual-slim-tunique-tops-with-pockets\/?lang=fr","title":{"rendered":"levca Womens Long Sleeve Button Cowl Neck Casual Slim Tunique Tops with Pockets"},"content":{"rendered":"<p>Je n\u2019ai pas port\u00e9 cette chemise plus de quelques minutes encore, mais jusqu\u2019\u00e0 pr\u00e9sent, il semble tr\u00e8s confortable. Tissu doux, tr\u00e8s extensible sans s\u2019\u00e9tirer. Il tient sa forme, bon tissu. Les boutons semblent \u00eatre dans un endroit bizarre, mais je ne pense pas qu\u2019ils vont me d\u00e9ranger.<\/p>\n","protected":false},"excerpt":{"rendered":"<p>Je n\u2019ai pas port\u00e9 cette chemise plus de quelques minutes encore, mais jusqu\u2019\u00e0 pr\u00e9sent, il semble tr\u00e8s confortable. Tissu doux, tr\u00e8s extensible sans s\u2019\u00e9tirer. Il tient sa forme, bon tissu. Les boutons semblent \u00eatre dans un endroit bizarre, mais je ne pense pas qu\u2019ils vont me d\u00e9ranger.<\/p>\n","protected":false},"featured_media":699,"comment_status":"open","ping_status":"closed","template":"","meta":{"_et_pb_use_builder":"","_et_pb_old_content":"","_et_gb_content_width":""},"product_cat":[59],"product_tag":[],"_links":{"self":[{"href":"https:\/\/www.divigear.xyz\/wpml\/wp-json\/wp\/v2\/product\/30370"}],"collection":[{"href":"https:\/\/www.divigear.xyz\/wpml\/wp-json\/wp\/v2\/product"}],"about":[{"href":"https:\/\/www.divigear.xyz\/wpml\/wp-json\/wp\/v2\/types\/product"}],"replies":[{"embeddable":true,"href":"https:\/\/www.divigear.xyz\/wpml\/wp-json\/wp\/v2\/comments?post=30370"}],"wp:featuredmedia":[{"embeddable":true,"href":"https:\/\/www.divigear.xyz\/wpml\/wp-json\/wp\/v2\/media\/699"}],"wp:attachment":[{"href":"https:\/\/www.divigear.xyz\/wpml\/wp-json\/wp\/v2\/media?parent=30370"}],"wp:term":[{"taxonomy":"product_cat","embeddable":true,"href":"https:\/\/www.divigear.xyz\/wpml\/wp-json\/wp\/v2\/product_cat?post=30370"},{"taxonomy":"product_tag","embeddable":true,"href":"https:\/\/www.divigear.xyz\/wpml\/wp-json\/wp\/v2\/product_tag?post=30370"}],"curies":[{"name":"wp","href":"https:\/\/api.w.org\/{rel}","templated":true}]}}