{"id":30157,"date":"2020-01-19T11:59:43","date_gmt":"2020-01-19T12:00:19","guid":{"rendered":"https:\/\/www.divigear.xyz\/wpml\/product\/amazonbasics-neoprene-dumbbell-pares-y-sets-con-soportes\/"},"modified":"2020-01-19T12:00:22","modified_gmt":"2020-01-19T12:00:22","slug":"amazonbasics-neoprene-dumbbell-pares-y-sets-con-soportes","status":"publish","type":"product","link":"https:\/\/www.divigear.xyz\/wpml\/producto\/amazonbasics-neoprene-dumbbell-pares-y-sets-con-soportes\/?lang=es","title":{"rendered":"AmazonBasics Neoprene Dumbbell Pares y Sets con Soportes"},"content":{"rendered":"<p>A\u00f1ade entrenamiento de resistencia a tus entrenamientos con el AmazonBasics Neoprene Dumbbell, Set de 2. Entrenamiento de resistencia no s\u00f3lo tonifica los m\u00fasculos y aumenta la fuerza, pero tambi\u00e9n puede quemar calor\u00edas, aumentar los niveles de energ\u00eda, proteger la salud \u00f3sea, y m\u00e1s.<\/p>\n","protected":false},"excerpt":{"rendered":"<p>A\u00f1ade entrenamiento de resistencia a tus entrenamientos con el AmazonBasics Neoprene Dumbbell, Set de 2. Entrenamiento de resistencia no s\u00f3lo tonifica los m\u00fasculos y aumenta la fuerza, pero tambi\u00e9n puede quemar calor\u00edas, aumentar los niveles de energ\u00eda, proteger la salud \u00f3sea, y m\u00e1s.<\/p>\n","protected":false},"featured_media":871,"comment_status":"open","ping_status":"closed","template":"","meta":{"_et_pb_use_builder":"","_et_pb_old_content":"","_et_gb_content_width":""},"product_cat":[56],"product_tag":[],"_links":{"self":[{"href":"https:\/\/www.divigear.xyz\/wpml\/wp-json\/wp\/v2\/product\/30157"}],"collection":[{"href":"https:\/\/www.divigear.xyz\/wpml\/wp-json\/wp\/v2\/product"}],"about":[{"href":"https:\/\/www.divigear.xyz\/wpml\/wp-json\/wp\/v2\/types\/product"}],"replies":[{"embeddable":true,"href":"https:\/\/www.divigear.xyz\/wpml\/wp-json\/wp\/v2\/comments?post=30157"}],"wp:featuredmedia":[{"embeddable":true,"href":"https:\/\/www.divigear.xyz\/wpml\/wp-json\/wp\/v2\/media\/871"}],"wp:attachment":[{"href":"https:\/\/www.divigear.xyz\/wpml\/wp-json\/wp\/v2\/media?parent=30157"}],"wp:term":[{"taxonomy":"product_cat","embeddable":true,"href":"https:\/\/www.divigear.xyz\/wpml\/wp-json\/wp\/v2\/product_cat?post=30157"},{"taxonomy":"product_tag","embeddable":true,"href":"https:\/\/www.divigear.xyz\/wpml\/wp-json\/wp\/v2\/product_tag?post=30157"}],"curies":[{"name":"wp","href":"https:\/\/api.w.org\/{rel}","templated":true}]}}